{"id":92,"date":"2017-01-02T10:46:23","date_gmt":"2017-01-02T09:46:23","guid":{"rendered":"http:\/\/138.68.91.141\/?page_id=92"},"modified":"2021-09-27T22:11:15","modified_gmt":"2021-09-27T20:11:15","slug":"local-area","status":"publish","type":"page","link":"http:\/\/apartment.tonywye.com\/index.php\/local-area\/","title":{"rendered":"Local Area"},"content":{"rendered":"<h1>Short trips away from Senec<\/h1>\n<p><strong>Tiger Sanctuary (10 minutes drive South) &#8211; \u00a0<a href=\"http:\/\/www.tigre.sk\/\">http:\/\/www.tigre.sk\/\u00a0<\/a><\/strong><\/p>\n<p><span style=\"text-decoration: underline;\"><strong>&#8212;- They might be closing down in 2022 due to EU laws stopping private breeding of big cats<\/strong><\/span><\/p>\n<p><img loading=\"lazy\" decoding=\"async\" class=\"wp-image-150 size-thumbnail alignnone\" src=\"http:\/\/138.68.91.141\/wp-content\/uploads\/2017\/01\/tigre-150x150.jpg\" width=\"150\" height=\"150\" \/><\/p>\n<p style=\"text-align: left;\">Good for a couple of hours, free entrance (but donations are expected). If you are lucky there will be some cubs playing, take care as the cages are not always locked with a padlock !<\/p>\n<p>Even mentioned in the UK press:<\/p>\n<p style=\"padding-left: 30px;\"><a href=\"http:\/\/www.dailymail.co.uk\/news\/article-3331936\/You-barking-mad-German-shepherds-befriend-Siberian-tigers-Slovakian-wildlife-sanctuary-devoted-breeding-endangered-big-cats.html\">http:\/\/www.dailymail.co.uk\/news\/article-3331936\/You-barking-mad-German-shepherds-befriend-Siberian-tigers-Slovakian-wildlife-sanctuary-devoted-breeding-endangered-big-cats.html<\/a><\/p>\n<p><strong>\u010cerven\u00fd Kame\u0148 Castle (30 mins drive North) &#8211;\u00a0<a href=\"http:\/\/hradcervenykamen.sk\/?lang=en\">http:\/\/hradcervenykamen.sk\/?lang=en<\/a><\/strong><\/p>\n<p><img loading=\"lazy\" decoding=\"async\" class=\"wp-image-154 size-thumbnail alignnone\" src=\"http:\/\/138.68.91.141\/wp-content\/uploads\/2017\/01\/cervany-kamen-150x150.jpg\" width=\"150\" height=\"150\" \/><\/p>\n<p>A nice 30 minute drive along the foot of the Carpathian mountain range. Tours of the castle in English at certain times, some weekends there are craft fairs and special events. A popular place for weddings.<\/p>\n<p>Small\/cheap\/good restaurant at the entrance of the castle serves traditional Slovak meals (soup!) and coffeeshop inside, open year round.<\/p>\n<p><!--more--><\/p>\n<p><strong>Modra (25 minutes drive North) &#8211;\u00a0<a href=\"https:\/\/en.wikipedia.org\/wiki\/Modra\">https:\/\/en.wikipedia.org\/wiki\/Modra<\/a><\/strong><\/p>\n<p><img loading=\"lazy\" decoding=\"async\" class=\"wp-image-161 size-thumbnail alignnone\" src=\"http:\/\/138.68.91.141\/wp-content\/uploads\/2017\/01\/modra-150x150.jpg\" width=\"150\" height=\"150\" \/><\/p>\n<p>Nice town famous for its wine\/vineyards, has an annual wine festival in September (with Police waiting to do breath testing as you drive home!). Has several good restaurants in the centre.<\/p>\n<p>You pass through Modra if you are going to \u010cerven\u00fd Kame\u0148 castle.<\/p>\n<p>There is \u00a0a very good restaurant between \u00a0Modra and \u010cerven\u00fd Kame\u0148 (on the main road, it looks like a concrete prison, you cant miss it)\u00a0<a href=\"http:\/\/www.elesko.sk\/\">http:\/\/www.elesko.sk\/<\/a>\u00a0. There is an art gallery attached.<\/p>\n<p><strong>Jelka Watermill (25 minutes drive South) &#8211;\u00a0<\/strong><\/p>\n<p><img loading=\"lazy\" decoding=\"async\" class=\"wp-image-155 size-thumbnail alignnone\" src=\"http:\/\/138.68.91.141\/wp-content\/uploads\/2017\/01\/Jelka-150x150.jpg\" width=\"150\" height=\"150\" \/><\/p>\n<p>Watermill along the small danube river, good for paddling\/swimming in the summer as the current is very small (not like the big danube!), cheap restaurant next to the mill or nice fish restaurant close to the watermill (Re\u0161taur\u00e1cia V Siedmom Nebi <a href=\"http:\/\/www.jeseter.sk\/index.php\/restauracia-v-siedmom-nebi\/nase-menu\">Fish Restaurant<\/a>\u00a0) with views of the fish farm (they serve fried cheese for vegetarians!)<\/p>\n<p class=\"r\">\n<p class=\"r\"><strong>\u0160amor\u00edn (30 minutes drive South) &#8211; \u00a0<a href=\"https:\/\/en.wikipedia.org\/wiki\/%C5%A0amor%C3%ADn\">https:\/\/en.wikipedia.org\/wiki\/samorin<\/a><\/strong><\/p>\n<p><img loading=\"lazy\" decoding=\"async\" class=\"wp-image-169 size-thumbnail alignnone\" src=\"http:\/\/138.68.91.141\/wp-content\/uploads\/2017\/01\/samorin-150x150.jpg\" width=\"150\" height=\"150\" \/><\/p>\n<p>A town set on the banks of the main Danube river. Head to <a href=\"http:\/\/www.hotelkormoran.sk\/\">Hotel Kormoran<\/a> (easy free parking) and walk through the nice park to the river. There are goats and a glass bridge along the way. Watchout for bicycles along the flat footpath along the river. Its a good place to collect driftwood from the river bank. Hotel Kormoran restaurant is Ok when they have monthly seasonal promotions (Asparagus month, wild game etc)<\/p>\n<p style=\"text-align: left;\">If you like horses there is a great equestrian centre at <a href=\"http:\/\/www.xbionicsphere.com\/en\/home\">xbionicsphere<\/a> by the river,\u00a0 they have a great aquapark and excellent Japanese\/Asian restaurant called <a href=\"https:\/\/www.x-bionicsphere.com\/en\/restaurants\/apani\/\">Apani <\/a>(my kids favourite restaurant), in the Winter of 2020 they had an Ice skating rink as well.<\/p>\n","protected":false},"excerpt":{"rendered":"<p>Short trips away from Senec Tiger Sanctuary (10 minutes drive South) &#8211; \u00a0http:\/\/www.tigre.sk\/\u00a0 &#8212;- They might be closing down in 2022 due to EU laws stopping private breeding of big cats Good for a couple of hours, free entrance (but donations are expected). If you are lucky there will be some cubs playing, take care [&hellip;]<\/p>\n","protected":false},"author":1,"featured_media":0,"parent":0,"menu_order":0,"comment_status":"closed","ping_status":"closed","template":"page-full-width.php","meta":{"footnotes":""},"_links":{"self":[{"href":"http:\/\/apartment.tonywye.com\/index.php\/wp-json\/wp\/v2\/pages\/92"}],"collection":[{"href":"http:\/\/apartment.tonywye.com\/index.php\/wp-json\/wp\/v2\/pages"}],"about":[{"href":"http:\/\/apartment.tonywye.com\/index.php\/wp-json\/wp\/v2\/types\/page"}],"author":[{"embeddable":true,"href":"http:\/\/apartment.tonywye.com\/index.php\/wp-json\/wp\/v2\/users\/1"}],"replies":[{"embeddable":true,"href":"http:\/\/apartment.tonywye.com\/index.php\/wp-json\/wp\/v2\/comments?post=92"}],"version-history":[{"count":30,"href":"http:\/\/apartment.tonywye.com\/index.php\/wp-json\/wp\/v2\/pages\/92\/revisions"}],"predecessor-version":[{"id":619,"href":"http:\/\/apartment.tonywye.com\/index.php\/wp-json\/wp\/v2\/pages\/92\/revisions\/619"}],"wp:attachment":[{"href":"http:\/\/apartment.tonywye.com\/index.php\/wp-json\/wp\/v2\/media?parent=92"}],"curies":[{"name":"wp","href":"https:\/\/api.w.org\/{rel}","templated":true}]}}